- 1, 8 = 5*x - 2*z. Suppose -2*v = x*v - 88. Suppose 0*u = -u + v. Is u a prime number?
False
Let a be 5*3 - 2/1. Suppose -5*u - 2*q + a = 0, 3*q - 4*q - 1 = 0. Is u a prime number?
True
Suppose -4*a + 464 = -3*s, 3*a - 4*a - 2*s + 105 = 0. Is a prime?
True
Let l be 1 - -1 - (11 - 975). Suppose v - l = -5*v. Is v composite?
True
Suppose 0 = -4*h - m + 2*m - 983, 3*h + 4*m + 742 = 0. Let y = h - -355. Is y a prime number?
True
Is (-3 + 44/20)/(2/(-15)) a prime number?
False
Suppose 4*d - 4*f = 172, 219 = 4*d + d - f. Let j be (d/12)/((-2)/12). Let k = j + 75. Is k composite?
False
Suppose 0 = -4*d - 8 - 0. Let l be 1 - -1 - 28/d. Suppose f = 5 + l. Is f a composite number?
True
Let o(j) = j**3 + 6*j**2 - 7*j + 5. Let b be o(6). Suppose -i + b = 4*i. Is i a prime number?
True
Let h(s) = 14*s**2 + 2*s - 2. Let y be h(2). Let b = 150 - y. Let v = b - 25. Is v a composite number?
False
Suppose 0 = -2*c + 2*d + 3*d + 43, -2*d + 180 = 5*c. Is c prime?
False
Let z = -10 + 14. Let c be (247/z)/((-4)/(-16)). Let m = -170 + c. Is m a composite number?
True
Suppose 5*o - 2*s = 2*o + 7121, -2*s + 11863 = 5*o. Let c = -1628 + o. Is c prime?
False
Suppose -j - 4*j + 4*z = 10, -3*z + 8 = -4*j. Let g = j - -13. Is g a composite number?
False
Let f be 2 - 15*1*-2. Let h = f + -17. Is h a prime number?
False
Is (-3)/1*2307/(-9) a composite number?
False
Suppose 0 = 5*s, -5*s - 10 = h - 3*h. Let p be 0 - -1*(1 + 1). Suppose -659 - 220 = -2*m - h*g, -p*g = -10. Is m prime?
False
Let g be (-2 - (2 + -3)) + -89. Let n = -64 - g. Is n a prime number?
False
Let t be (2 - 1) + (2 - 4). Let d be t*(0/3 + 0). Suppose d = 4*o - 85 - 55. Is o a composite number?
True
Suppose 19 + 1 = 4*n. Suppose 4*u - 59 = -3*f, -u - 66 = -n*f - 6. Is f a prime number?
True
Let z(q) = q**3 - 6*q**2 - 4*q - 6. Let i be z(7). Suppose -3*n + n = -2*h + 20, h + i = -4*n. Let o = 1 - n. Is o a prime number?
False
Suppose -o - 330 = -3*o. Let v = 264 - o. Suppose v = 3*m - 0*m. Is m a prime number?
False
Let i(d) = 4*d**2 - 11*d - 5. Let c(g) = -3*g**2 + 10*g + 4. Let m(b) = -3*c(b) - 2*i(b). Let o be m(8). Is (-968)/(-10) + o/(-10) prime?
True
Is (-108)/189 - 50954/(-14) prime?
False
Is 392580/80 - 2/8 a prime number?
False
Let i(v) = -v**3 - 3*v**2 + 2*v - 4. Let n be i(-4). Suppose -5*d = -2*h - 15 - 5, n*d - 16 = -h. Is d/(-18) + 3565/45 composite?
False
Let j(y) = y**3 - 6*y**2 + 3*y - 9. Let x be j(6). Suppose z + 2*z - x = 0. Suppose z*b - 100 = -34. Is b prime?
False
Suppose q - 855 = -4*q. Let c = q - 30. Is c prime?
False
Suppose h + 0 = 3, h = -m + 9. Suppose -u + 2 = 6. Is m*6*(-1)/u prime?
False
Let k(i) = -i**2 + 10*i - 4. Let w be k(9). Let q be (-74)/8 - w/(-20). Let b = 12 + q. Is b a prime number?
True
Let n(s) = -s**3 - 12*s**2 - 29*s + 25. Is n(-11) a composite number?
False
Suppose 5*a = -8 + 23. Suppose -1 - a = -2*j. Is 2/(-5)*(-30)/j a composite number?
True
Suppose -s - 8 = -5*g, 4*s - 12 = -3*g + 2. Suppose a - s = 2. Suppose 4*h = -r + 2*r + 161, -a*h - 4*r = -136. Is h composite?
True
Suppose -20 = -4*a + 2*m - m, -2*m = -2*a + 4. Let q(n) = -3*n**2 - 3*n + 5*n**2 - 2 - 2*n - 3. Is q(a) a composite number?
False
Let v be 3/(-2)*(-8)/3. Let o be (v/10)/((-2)/(-1850)). Suppose -2*x + 0*x + o = -4*f, 946 = 5*x - 3*f. Is x a composite number?
False
Let b = -7 - -1. Is (561/9)/((-2)/b) prime?
False
Let d be 5/((28/204)/(-7)). Let w = d + 586. Is w composite?
False
Suppose 1 + 2 = v. Let k(o) = -14*o + 3. Let f(z) = 41*z - 10. Let h(g) = -2*f(g) - 7*k(g). Is h(v) a prime number?
True
Is 247 + 7/(7/4) a composite number?
False
Suppose y = 4*t - t + 3, y - 2*t - 5 = 0. Suppose a - y = -2*a. Suppose -d = -a*d + 22. Is d prime?
True
Is (1628/(-110))/((-1)/5) a prime number?
False
Let r = -3879 + 5521. Is r a composite number?
True
Let n = -93 - -220. Is n a prime number?
True
Let m be 3 - 2 - (2 + -4). Suppose -m*i + 7*i - 40 = 0. Is i prime?
False
Let g = 289 - 417. Let m = g - -225. Is m composite?
False
Let r be ((-32)/(-20))/((-2)/(-5)). Let f = -2 + r. Let m = f - -35. Is m prime?
True
Let h = -9 - -10. Is h + (1 - 166/(-2)) a prime number?
False
Suppose 4*z + b - 201 = -4*b, 5*z = -5*b + 255. Suppose -2*s + 14 + z = 0. Is s a prime number?
False
Suppose 61 - 381 = 4*j. Let z(b) = 3*b**2 - 6*b + 1. Let u be z(-6). Let d = u + j. Is d a composite number?
True
Let a(z) = 3*z**2 - 16*z - 14. Let q(u) = -u**2 + u + 1. Let b(m) = -a(m) - 6*q(m). Is b(-9) composite?
True
Let f be ((-16)/20)/((-2)/70). Suppose -2*j - 247 - f = -3*d, 3*j = -d + 77. Is d a composite number?
False
Let r = -3 - -3. Suppose r*m - 5 = -m. Suppose -142 = -2*g + 4*k, m*g - 2*k = 3*g + 150. Is g a composite number?
False
Let x be -3*(-1)/6*6. Is (-2)/(x/(-177)*2) prime?
True
Let l(r) = r**2 + 3*r - 3. Let j be (-13)/2*12/(-3). Suppose -5*d - 1 = -j. Is l(d) a composite number?
False
Let o(q) = q + 16. Let l be o(-7). Suppose 4*z - 43 = l. Suppose 3*k + z = 2*s - 0*s, 4*k = 2*s - 8. Is s prime?
False
Let t = -12 - -17. Let p(s) = 3*s - 7. Let c be p(t). Let x = c + -5. Is x a prime number?
True
Suppose 0 = -5*b - w + 923, 0*w - 565 = -3*b + 5*w. Is b a composite number?
True
Let k = 62 + 333. Is k a prime number?
False
Suppose l - 1 + 19 = 0. Let n = l + 139. Is n a composite number?
True
Let i be 2 + (1/1)/1. Let w be i*-4*4/8. Is (1/(-1))/(w/474) a prime number?
True
Let u be -3*3/(27/(-204)). Suppose u + 9 = d. Is d a composite number?
True
Let i(h) = 3*h**2 + 15*h - 7. Let c be i(13). Suppose -c = -3*a - 5*y, 2*a = -a + 2*y + 709. Is a composite?
True
Let x(j) = 6*j**2 - j - 5. Is x(4) a prime number?
False
Suppose 4*a = -0*a - 8. Let m = -5 - a. Is (-3)/(-1) + (115 - m) a prime number?
False
Suppose -3*c + 57 = 186. Let a = -31 + c. Is 6/18 - a/3 a composite number?
True
Let a be 6 + (4 - (-3 - -6)). Let d(r) = 19*r + 10. Is d(a) a composite number?
True
Let i(y) = 5*y - 77. Let t(d) = -3*d + 51. Let f(b) = 5*i(b) + 8*t(b). Is f(0) composite?
False
Suppose -4*d + 3133 = -b, -2*d + b + 462 = -1103. Suppose 4*k = -20 + d. Is k composite?
False
Suppose 6 + 10 = 2*w. Let z(j) = j**3 + j**2 - 5*j + 1. Let x be z(-4). Let l = w - x. Is l composite?
True
Let b(h) = -30*h - 1. Let o be b(-5). Let m = 94 - 22. Let z = o - m. Is z composite?
True
Let x = 15 - 30. Is (6/x + 0)*-35 a composite number?
True
Suppose -3*l - 6 = 0, 4*l - l + 966 = 2*m. Let d = 674 - m. Is d prime?
False
Let h be 5 - (18/2)/3. Suppose -2*j + h*n - 425 - 131 = 0, 3*j = 4*n - 833. Is j/18*(-1 - 1) a composite number?
False
Let d = -1320 - -2199. Suppose 0 = -a + 4*a - d. Is a a composite number?
False
Let v(d) = -d**2 + 9*d - 5. Let z be v(8). Suppose z*y = -0*y + 75. Suppose -1 = 4*m - y. Is m composite?
True
Let g(r) = -3*r + 6. Let a be g(-5). Let o(n) = -7*n + 2. Let v be o(-2). Suppose -4*y - v = -3*h - 44, -2*h = -3*y + a. Is y prime?
True
Suppose -w + 4*w - 1543 = 5*a, -2*a = -w + 617. Let d = a - -173. Let u = 190 + d. Is u composite?
True
Let u be ((-30)/(-9))/((-6)/(-9)). Suppose u*y = 6*y - 79. Is y a prime number?
True
Let d = -21 - 34. Let i = d - -101. Is i prime?
False
Let p(g) = -4*g**2 + 9*g + 3. Let d be p(-6). Let o = d + 404. Is o composite?
True
Suppose -7 - 13 = 4*n, -41 = 4*k + 5*n. Let x = -3 - k. Is -1*x + 498/6 a composite number?
True
Suppose -6*z + z = 0. Suppose 0 = -2*a - 5*i + 346, -827 = -5*a - z*a - 3*i. Is a a composite number?
False
Let n = 6767 + -4326. Is n composite?
False
Suppose -z = -7230 - 2330. Is z/50 - 2/10 composite?
False
Suppose 4*x + 5*l = 2*x + 247, 5*x = l + 550. Let y = x - -128. Is y a prime number?
True
Let o(f) = 35*f**2 - 1. Let c be o(-2). Suppose c = q - 115. Is q prime?
False
Let s be 4/(-18) - 238/(-18). Let z = s + -8. Suppose 2 - 32 = -z*h. Is h a composite number?
True
Suppose -5*k - 11 - 24 = 0. Let r(z) = -z**2 - 6*z + 10. Let n be r(k). Suppose 0 = -j - n*d + 94, -5*d = -4*j - j + 370. Is j a prime number?
True
Suppose 4*z + 44 = 6*z. Is z composite?
True
Let u(s) = 5 - 6 + s + 20. Is u(0) a composite number?
False
Let r(k) = 2*k**2 + 2*k + 1. Let q be r(-2). Suppose -4*m - 94 = -6*m - q*s, 2*m = -2*s + 82. Is m composite?
False
Suppose -3*i = -12, -3*i = -4*l + i + 12028. Is l a composite number?
False
Let z = -2 + 2. Suppose 299 = 4*c - 3*v + 31, z = -3*c + 4*v + 